44
What is the value of 12124 + -12184 - (-2 + -94)?
36
What is -6 + (12 - (4 - -3)) + 11 + -6 + -2?
2
6 + (16 + (10 - 37) - (-4 - 6)) - 6
-1
Calculate (-38 - (1 - (12 - -4))) + 40 + -34.
-17
What is the value of (2 - 10) + 2 + 63 + -14?
43
What is the value of -11 - -13 - (1 + -130 - 3)?
134
Evaluate (243 - 248) + 34 + 1 + -8.
22
Evaluate (-2 - -3) + 29 - (33970 + -34006).
66
Evaluate (10 - -97) + (261 - 494).
-126
What is the value of -11 - (45 - 1) - 7 - (8 - (1 - 4))?
-73
Calculate 51 + -34 - (-8 + (5 - 7)) - -18.
45
Calculate 26 - (-15 - -38) - (-6 + -3 - 72).
84
What is -523 + 517 + (-1 - -54)?
47
What is -46 + 37 + (4 - -2) + -34 - -6?
-31
What is the value of (340 - 586) + 160 + -28?
-114
Evaluate (-76 - 1) + 130 + 13.
66
Calculate 111 - 110 - (1 + (-6 - -6) + -19).
19
What is the value of (-18 + 1 - (-2 - 4)) + 20?
9
Evaluate 33 - (51 - 3) - (-2 + -43).
30
What is the value of -75 - (8 - (-4 + 5)) - (-18 + 38 - 13)?
-89
What is the value of 82 + (105 + -245 - -105)?
47
Evaluate -1 + -58 + (-3081 - -3167).
27
What is the value of 220 + -319 - (-3 - (-1 - 16) - (-26 + 24))?
-115
What is -25 + 1 - (-408 - -193 - -285)?
-94
What is the value of 13 + -10 + 15 + -24 + -30?
-36
Evaluate 31 - (-32 + -2 - (-275 - -272)).
62
Calculate 110 + -23 + (-111 - -96).
72
What is the value of -5 + 4 + -2 + 0 + (49 - 167) + -6?
-127
(9 - (-68 - -53) - (16 + 1)) + -44
-37
Evaluate -54 - ((3 - (12 + -28)) + -15 - 13).
-45
What is (-1013 - -1029) + (-2 - 27)?
-13
What is (21 - (16 + 18)) + -20 + -14?
-47
-13 + -23 + (1 + -8 - (-26 + 26 + -11))
-32
Evaluate -32 - (-30 - -22) - (22 - 73).
27
62 - (36 + 17) - ((0 - -3) + 66 + 11)
-71
(4 - -4) + -318 + 373
63
-19 + (-16 - (51 - (14 - -5)))
-67
What is 25 - (109 - 98) - (12 + -1)?
3
-2 + 0 + 4 - (-24690 + 24653)
39
What is the value of 3 - -7 - (-3 + (132 - 45) + (-15 - -1))?
-60
What is the value of -9 + (1 - (-1 - 7) - (-2802 + 2842))?
-40
Calculate -27 - (-24 + -56 + 21).
32
Evaluate 16 - (-9 + -1 + -9 + (43 - 31)).
23
What is 31 + -46 + 71 + (11 - 0)?
67
Evaluate (1 + -1 - -2 - 30) + -2 - (0 + 7).
-37
-19 - (-45 + -115 + 1 - -34)
106
Calculate 0 - (-3 - 11) - (415 + -442).
41
What is the value of (57 - (-1 + 5)) + -257 + 255?
51
-21 + -2 + 64 + 80 + -208
-87
-6 + (0 - 0 - (1 + 9 - (874 - 876)))
-18
What is (34 + -151 - -115) + -10?
-12
-8 - (-105 + 30) - 129
-62
Evaluate 19 + (22 + (-25 - -51) - 13).
54
What is the value of (25 - 126 - -112) + (0 - 42)?
-31
Calculate -2 - 72 - (-2510 + 2459).
-23
Calculate (-6 + 16 + -4 - 11) + 66 + 48.
109
Calculate -15 + (-5 - -21 - 55) + 4 + -9.
-59
What is 48 - (105 - 67) - -51?
61
Evaluate 70 + (-103 + 107 - 44).
30
What is the value of -1 + 43 + 2989 + -2997?
34
What is the value of 7 + (17 - 11) + 6 + -16?
3
Calculate 5 + (46 - 23 - 22) + (-1 - 3).
2
Calculate 23 + (-48 + -11 - -45) + (13 - 4).
18
Calculate (1 + -3 - 4) + ((-20 - -4) + 32 - 15).
-5
Calculate 35 - (4 + 10 + -49 + 6).
64
What is the value of 1 + 9 + -2 + (6 + -56 - -4) + 2?
-36
Calculate (-87 - (-48 - -30 - (2 - -4 - 15))) + 6.
-72
Calculate 74 + -113 + 60 + (2 - -23).
46
What is the value of 58 + -27 + -23 + 6 - 121?
-107
4 + -9 + 1 + -83 + 77 - (-33 - 1)
24
What is 11 - -5 - (-61 + 86 - (0 + 1))?
-8
Evaluate (41 - (0 + 10)) + -83 + 73.
21
Calculate (9 - 61) + 47 + 22.
17
Calculate 124 + (-9 - (-59 - -88)).
86
Calculate (-3 - 2) + (27 - 16) + 0 + -1 + -52.
-47
(0 - 44) + -357 + 361
-40
Calculate 78 + -81 + 2 + 8 - (70 + -1).
-62
Evaluate -40 - (23 + (-39 - -9)).
-33
What is the value of (-3 + -5 - -4) + -404 + 433?
25
Calculate -102 + 1 - (-151 - -131 - (-43 - -3) - 25).
-96
What is the value of 12 + 1 + (-4 + 17 - (19 + -13))?
20
What is 2 + 92 + 1 - (41297 + -41288)?
86
(-1 - -1) + -1 + 38 + (12 - 28 - -31)
52
Calculate 26 + -25 + 0 - -18.
19
What is 5 - (-4 - (-81 + 6 - (-15 - (-7 - -2))))?
-56
1 + (-8 - (-10 + 0) - -6) - -34
43
Evaluate 24 + (43 - 94) + 16.
-11
Calculate 736 - 810 - ((2 - -3) + 1 + 1).
-81
Evaluate -532 + 425 - (1 + 0) - -31.
-77
What is 93 + -243 + 144 + 117?
111
What is -58 + 75 + (6 - (-1 - -5)) + 3?
22
Calculate (31 - (-36 + 30)) + 13.
50
105 - ((69 - 47 - 17) + 8)
92
-32 + (42 - (16 + 5)) + 1 - (-48 + 2)
36
What is the value of -14 - (3 - -18) - (-26 - -9)?
-18
Calculate 8 + -11 + -12 + -1 + 3 - (15822 + -15788).
-47
6 - (50 + 19 + -66 - (-2 + 0 + -61))
-60
What is 43 + -31 + -57 + (7 - (0 + 7))?
-45
Calculate (26 - 16) + (-5 - -2 - (5 - -1)) + -14.
-13
36 + -89 + 101 - 3
45
-86 + 95 - (39 + -2 + 5 + (-23 - -18))
-28
23 - ((56 - -31) + -54)
-10
Calculate (62 - 118) + 16 + -10 + 7 + -3.
-46
Calculate (14 - 3 - (78 - -14 - 75)) + (0 - -8).
2
What is the value of (33 - 25) + 10 + -4 + -9 + (-3 - 77)?
-75
Evaluate -16 + (-62 - -58) - 9.
-29
-74 - (-53 - (48 + -61))
-34
Calculate -15 + (24 - (1 - -7)).
1
What is the value of -2 + -2 - (173 + (7 - 217))?
33
What is the value of -167 + 84 + 118 + -18?
17
What is the value of -172 + 117 + (15 - -8)?
-32
-6 + 15 + (5 + 8 - (-2 - 12))
36
2 - 11 - -20 - (-8 - (-15 + -21))
-17
-22 + -20 + 37 + -21
-26
Evaluate 127 - (-45 + (134 - 55)).
93
Evaluate -3 + 22 + (-31 - (7 + -3)).
-16
What is the value of 57 - (92 - 33) - 12?
-14
-1 - (28 - ((16 - 24) + 19))
-18
What is the value of -2 + 1 + -32 + 40 + (3 - 71)?
-61
What is the value of 110 + (-16 + 24 - (8 - (5 - 8)))?
107
Calculate 141 + -177 - (-4 - (10 - 11)).
-33
Calculate -8 + 25 + -36 - 7 - (-1 - 2).
-23
Evaluate (-40 - -57) + (-32 - -61).
46
Evaluate 3 - (-5 + -6) - (33 + -35).
16
What is -37 + -1 + (-37 - 70) + 95?
-50
What is 95 + 3 + -24 + -6 + 20?
88
10 - ((-3 + (2 - 2) - -11) + (60 - 11))
-47
What is the value of -7 - ((10 - 1 - (5 + -2)) + 32 + -37)?
-8
-59 + 17 + 40 + -23 + -36
-61
What is -2 + 28 - (-265 + 298)?
-7
-3 + -18 + (-19 - (-56 - 1)) + 68
85
Evaluate -36 + -7 + (73 - 21).
9
Calculate -1 - -5 - (10 + 8 + -35 + 16).
5
Evaluate -3 + 17 - 26 - (-56 + 14).
30
What is -12 - (-10 + (-5 + 15 + -1 - 8))?
-3
What is 90 + -5 + -100 + -3 + 2 + -12?
-28
Calculate 66 - (-5 + 29 + -5 + -3).
50
Evaluate (-17 - 14) + 21 + 1.
-9
-3 - (3 + -15 + 19)
-10
Evaluate 25 + 19 - 96 - (-2 - -2 - -1).
-53
What is 42 + (-33 + (-27 - -58) - 21)?
19
Calculate (53 - -62 - 119) + -54 + -2.
-60
What is 200 - (62 + 186 - 120)?
72
Calculate (33 + -27 - (-2 + 0 + 46)) + (-3 - 0).
-41
55 + (7 - (28 - -32))
2
What is the value of -12 - -1 - (-14 + (-3 - -43) + -29)?
-8
(131 - 186) + (-16 - -92)
21
Calculate (1 - 0 - (-4 + 2)) + 295 + -311.
-13
Evaluate (4 - (-2 + -1 - -3)) + -6 + -6 + 58.
50
-9 + (7 - 12 - 17 - 2) - 7
-40
What is the value of 36 + (-38 - 43) + 130?
85
What is the value of 28 + (69 - 35 - -42) - (20 - 2)?
86
What is the value of 2 - 9 - (33 + (56 - 85))?
-11
8 + -5 - -3 - (-28 + 8 + (15 - 31))
42
What is the value of -15 + (-71 - -23 - -37)?
-26
(24 - 9 - -15) + -11 - 15
4
What is -138 - (-37 + -157 + 94)?
-38
What is the value of -1 + 35 - 21 - (-7 + 1)?
19
What is the value of -1 - 1 - (35 + -15) - (-16 + 1)?
-7
Calculate (2 - (22 - 3)) + 33 - 56.
-40
Calculate -13 + (-2 - (-24 + 24)) + (-17 - 0).
-32
31 + 5 + 0 + -4 + -71
-39
What is the value of (0 - (-28 - -10)) + -12 + -56?
-50
Calculate 0 - (2 + -2) - (-3 + (5 - 0)) - -52.
50
What is 564 + -575 + 4 + 1 + (1 - 13)?
-18
What is the value of -13 + 0 - (-106 - -127) - -22?
-12
-15 + -28 + -13 + (7 - (-11 - -13))
-51
-1208 - -1222 - (1 - 1 - (-8 + -1)) - 69
-64
Calculate 7 + (-71 - (14 + -14)) + 2 + (-4 - -5).
-61
Evaluate -29 + (6 - (15 - (15 - 9 - 0))).
-32
What is (6 + 5 - (6 + 0 + (-13 - -9))) + -57?
-48
Calculate 56 - 2 - 1 - (3520 - 3513).
46
What is the value of -99 + -11 + 20 + (13 - 11) + -10?
-98
What is the value of -23 + -16 + 37 + (-7 - 14)?
-23
Evaluate 508 + -514 + -9 + 12 + -5 + -1 + 4.
-5
Calculate (-34 - -44 - -53) + 29 + 2 + -1 + 14.
107
Evaluate (-32 - (-3 - (12 - -9))) + -42 + 14.
-36
Evaluate 0 + 1 - (-2 - (12 + -4 + -2 + -21)).
-12
Calculate -500 + 551 + (-166 - 0).
-115
Calculate (-87 - 34) + 149 + (0 - 31).
-3
What is the value of -9 + (-3 - (-74 + 13 + -5) - (2 - 12))?
64
(18 - -1) + 1212 + -1231
0
Evaluate 48 - (-39 + (5 - -17) - -1).
64
Calculate 18 + -25 - (2 - 43 - 10).
44
Calculate (3 - 32) + -3 + 8 + -16 + 8 + 8.
-24
What is -66 + (15 - 23 - (264 - 264 - (9 - -1)))?
-64
Calculate -228 - -282 - (-5 - -8 